{"id":1893,"date":"2023-05-17T20:50:27","date_gmt":"2023-05-17T20:50:27","guid":{"rendered":"https:\/\/100opheto.org\/exhibition-colombia\/"},"modified":"2025-07-14T15:04:35","modified_gmt":"2025-07-14T15:04:35","slug":"exhibition-colombia","status":"publish","type":"page","link":"https:\/\/100opheto.org\/pap\/exhibition-colombia\/","title":{"rendered":"Exhibition Colombia"},"content":{"rendered":"<div class=\"wpb-content-wrapper\"><p>[vc_row row_height_percent=&#8221;0&#8243; override_padding=&#8221;yes&#8221; h_padding=&#8221;2&#8243; top_padding=&#8221;0&#8243; bottom_padding=&#8221;2&#8243; overlay_alpha=&#8221;50&#8243; gutter_size=&#8221;3&#8243; column_width_percent=&#8221;100&#8243; shift_y=&#8221;0&#8243; z_index=&#8221;0&#8243; content_parallax=&#8221;0&#8243; uncode_shortcode_id=&#8221;232480&#8243;][vc_column column_width_use_pixel=&#8221;yes&#8221; position_horizontal=&#8221;left&#8221; gutter_size=&#8221;3&#8243; override_padding=&#8221;yes&#8221; column_padding=&#8221;0&#8243; overlay_alpha=&#8221;50&#8243; shift_x=&#8221;0&#8243; shift_y=&#8221;0&#8243; shift_y_down=&#8221;0&#8243; z_index=&#8221;0&#8243; medium_width=&#8221;0&#8243; mobile_width=&#8221;0&#8243; width=&#8221;1\/1&#8243; uncode_shortcode_id=&#8221;482520&#8243; column_width_pixel=&#8221;1024&#8243;][vc_custom_heading text_size=&#8221;h3&#8243; text_weight=&#8221;500&#8243; uncode_shortcode_id=&#8221;137191&#8243;]20 Objetos: Una historia de Aruba y Curazao[\/vc_custom_heading][vc_column_text uncode_shortcode_id=&#8221;260751&#8243;]\u201c20 Objetos: una historia de Aruba y Curazao\u201d es un proyecto de participaci\u00f3n social que narra una parte de la historia de estos dos pa\u00edses, que a su vez hacen parte del Reino de los Pa\u00edses Bajos. A trav\u00e9s de veinte objetos personales, diez de Aruba y diez de Curazao, la exposici\u00f3n -que ha sido fruto de un proceso de participaci\u00f3n social en ambas islas- hace una reflexi\u00f3n acerca del pasado y el presente. Los objetos y sus historias permiten generar di\u00e1logos con las comunidades en temas como migraci\u00f3n, derechos humanos, memoria colectiva, construcci\u00f3n de paz, entre otros. [\/vc_column_text][\/vc_column][\/vc_row][vc_row][vc_column width=&#8221;1\/1&#8243;][uncode_index el_id=&#8221;index-193027&#8243; isotope_mode=&#8221;fitRows&#8221; loop=&#8221;size:20|order_by:rand|post_type:post,objects_aruba|taxonomy_count:10&#8243; screen_lg=&#8221;1000&#8243; screen_md=&#8221;600&#8243; screen_sm=&#8221;200&#8243; gutter_size=&#8221;4&#8243; post_items=&#8221;media|featured|onpost|original&#8221; object_items=&#8221;media|featured|onpost|original&#8221; objects_aruba_items=&#8221;media|featured|onpost|original&#8221; single_width=&#8221;2&#8243; images_size=&#8221;one-one&#8221; single_overlay_opacity=&#8221;50&#8243; single_overlay_anim=&#8221;no&#8221; single_padding=&#8221;0&#8243; single_title_dimension=&#8221;h4&#8243; single_border=&#8221;yes&#8221; no_double_tap=&#8221;yes&#8221; uncode_shortcode_id=&#8221;551463&#8243;][\/vc_column][\/vc_row]<\/p>\n<\/div>","protected":false},"excerpt":{"rendered":"<p>[vc_row row_height_percent=&#8221;0&#8243; override_padding=&#8221;yes&#8221; h_padding=&#8221;2&#8243; top_padding=&#8221;0&#8243; bottom_padding=&#8221;2&#8243; overlay_alpha=&#8221;50&#8243; gutter_size=&#8221;3&#8243; column_width_percent=&#8221;100&#8243; shift_y=&#8221;0&#8243; z_index=&#8221;0&#8243; content_parallax=&#8221;0&#8243; uncode_shortcode_id=&#8221;232480&#8243;][vc_column column_width_use_pixel=&#8221;yes&#8221; position_horizontal=&#8221;left&#8221; gutter_size=&#8221;3&#8243; override_padding=&#8221;yes&#8221; column_padding=&#8221;0&#8243; overlay_alpha=&#8221;50&#8243; shift_x=&#8221;0&#8243; [&hellip;]<\/p>\n","protected":false},"author":1,"featured_media":1331,"parent":0,"menu_order":0,"comment_status":"closed","ping_status":"closed","template":"","meta":{"_acf_changed":false,"footnotes":""},"class_list":["post-1893","page","type-page","status-publish","has-post-thumbnail","hentry"],"acf":[],"yoast_head":"<!-- This site is optimized with the Yoast SEO plugin v27.1.1 - https:\/\/yoast.com\/product\/yoast-seo-wordpress\/ -->\n<title>Exhibition Colombia - 100OPHETO | Un historia di K\u00f2rsou<\/title>\n<meta name=\"description\" content=\"Over time, many diverse memories and experiences become attached to the objects with which we surround ourselves.\" \/>\n<meta name=\"robots\" content=\"index, follow, max-snippet:-1, max-image-preview:large, max-video-preview:-1\" \/>\n<link rel=\"canonical\" href=\"https:\/\/100opheto.org\/pap\/exhibition-colombia\/\" \/>\n<meta property=\"og:locale\" content=\"en_US\" \/>\n<meta property=\"og:type\" content=\"article\" \/>\n<meta property=\"og:title\" content=\"Exhibition Colombia - 100OPHETO | Un historia di K\u00f2rsou\" \/>\n<meta property=\"og:description\" content=\"Over time, many diverse memories and experiences become attached to the objects with which we surround ourselves.\" \/>\n<meta property=\"og:url\" content=\"https:\/\/100opheto.org\/pap\/exhibition-colombia\/\" \/>\n<meta property=\"og:site_name\" content=\"100OPHETO\" \/>\n<meta property=\"article:modified_time\" content=\"2025-07-14T15:04:35+00:00\" \/>\n<meta property=\"og:image\" content=\"https:\/\/100opheto.org\/wp-content\/uploads\/2022\/09\/Screenshot-2022-09-24.jpg\" \/>\n\t<meta property=\"og:image:width\" content=\"800\" \/>\n\t<meta property=\"og:image:height\" content=\"424\" \/>\n\t<meta property=\"og:image:type\" content=\"image\/jpeg\" \/>\n<meta name=\"twitter:card\" content=\"summary_large_image\" \/>\n<meta name=\"twitter:label1\" content=\"Est. reading time\" \/>\n\t<meta name=\"twitter:data1\" content=\"1 minute\" \/>\n<script type=\"application\/ld+json\" class=\"yoast-schema-graph\">{\"@context\":\"https:\/\/schema.org\",\"@graph\":[{\"@type\":\"WebPage\",\"@id\":\"https:\/\/100opheto.org\/pap\/exhibition-colombia\/\",\"url\":\"https:\/\/100opheto.org\/pap\/exhibition-colombia\/\",\"name\":\"Exhibition Colombia - 100OPHETO | Un historia di K\u00f2rsou\",\"isPartOf\":{\"@id\":\"https:\/\/100opheto.org\/pap\/#website\"},\"primaryImageOfPage\":{\"@id\":\"https:\/\/100opheto.org\/pap\/exhibition-colombia\/#primaryimage\"},\"image\":{\"@id\":\"https:\/\/100opheto.org\/pap\/exhibition-colombia\/#primaryimage\"},\"thumbnailUrl\":\"https:\/\/100opheto.org\/wp-content\/uploads\/2022\/09\/Screenshot-2022-09-24.jpg\",\"datePublished\":\"2023-05-17T20:50:27+00:00\",\"dateModified\":\"2025-07-14T15:04:35+00:00\",\"description\":\"Over time, many diverse memories and experiences become attached to the objects with which we surround ourselves.\",\"inLanguage\":\"pap-PAP\",\"potentialAction\":[{\"@type\":\"ReadAction\",\"target\":[\"https:\/\/100opheto.org\/pap\/exhibition-colombia\/\"]}]},{\"@type\":\"ImageObject\",\"inLanguage\":\"pap-PAP\",\"@id\":\"https:\/\/100opheto.org\/pap\/exhibition-colombia\/#primaryimage\",\"url\":\"https:\/\/100opheto.org\/wp-content\/uploads\/2022\/09\/Screenshot-2022-09-24.jpg\",\"contentUrl\":\"https:\/\/100opheto.org\/wp-content\/uploads\/2022\/09\/Screenshot-2022-09-24.jpg\",\"width\":800,\"height\":424},{\"@type\":\"WebSite\",\"@id\":\"https:\/\/100opheto.org\/pap\/#website\",\"url\":\"https:\/\/100opheto.org\/pap\/\",\"name\":\"100OPHETO\",\"description\":\"Un historia di K\u00f2rsou\",\"potentialAction\":[{\"@type\":\"SearchAction\",\"target\":{\"@type\":\"EntryPoint\",\"urlTemplate\":\"https:\/\/100opheto.org\/pap\/?s={search_term_string}\"},\"query-input\":{\"@type\":\"PropertyValueSpecification\",\"valueRequired\":true,\"valueName\":\"search_term_string\"}}],\"inLanguage\":\"pap-PAP\"}]}<\/script>\n<!-- \/ Yoast SEO plugin. -->","yoast_head_json":{"title":"Exhibition Colombia - 100OPHETO | Un historia di K\u00f2rsou","description":"Over time, many diverse memories and experiences become attached to the objects with which we surround ourselves.","robots":{"index":"index","follow":"follow","max-snippet":"max-snippet:-1","max-image-preview":"max-image-preview:large","max-video-preview":"max-video-preview:-1"},"canonical":"https:\/\/100opheto.org\/pap\/exhibition-colombia\/","og_locale":"en_US","og_type":"article","og_title":"Exhibition Colombia - 100OPHETO | Un historia di K\u00f2rsou","og_description":"Over time, many diverse memories and experiences become attached to the objects with which we surround ourselves.","og_url":"https:\/\/100opheto.org\/pap\/exhibition-colombia\/","og_site_name":"100OPHETO","article_modified_time":"2025-07-14T15:04:35+00:00","og_image":[{"width":800,"height":424,"url":"https:\/\/100opheto.org\/wp-content\/uploads\/2022\/09\/Screenshot-2022-09-24.jpg","type":"image\/jpeg"}],"twitter_card":"summary_large_image","twitter_misc":{"Est. reading time":"1 minute"},"schema":{"@context":"https:\/\/schema.org","@graph":[{"@type":"WebPage","@id":"https:\/\/100opheto.org\/pap\/exhibition-colombia\/","url":"https:\/\/100opheto.org\/pap\/exhibition-colombia\/","name":"Exhibition Colombia - 100OPHETO | Un historia di K\u00f2rsou","isPartOf":{"@id":"https:\/\/100opheto.org\/pap\/#website"},"primaryImageOfPage":{"@id":"https:\/\/100opheto.org\/pap\/exhibition-colombia\/#primaryimage"},"image":{"@id":"https:\/\/100opheto.org\/pap\/exhibition-colombia\/#primaryimage"},"thumbnailUrl":"https:\/\/100opheto.org\/wp-content\/uploads\/2022\/09\/Screenshot-2022-09-24.jpg","datePublished":"2023-05-17T20:50:27+00:00","dateModified":"2025-07-14T15:04:35+00:00","description":"Over time, many diverse memories and experiences become attached to the objects with which we surround ourselves.","inLanguage":"pap-PAP","potentialAction":[{"@type":"ReadAction","target":["https:\/\/100opheto.org\/pap\/exhibition-colombia\/"]}]},{"@type":"ImageObject","inLanguage":"pap-PAP","@id":"https:\/\/100opheto.org\/pap\/exhibition-colombia\/#primaryimage","url":"https:\/\/100opheto.org\/wp-content\/uploads\/2022\/09\/Screenshot-2022-09-24.jpg","contentUrl":"https:\/\/100opheto.org\/wp-content\/uploads\/2022\/09\/Screenshot-2022-09-24.jpg","width":800,"height":424},{"@type":"WebSite","@id":"https:\/\/100opheto.org\/pap\/#website","url":"https:\/\/100opheto.org\/pap\/","name":"100OPHETO","description":"Un historia di K\u00f2rsou","potentialAction":[{"@type":"SearchAction","target":{"@type":"EntryPoint","urlTemplate":"https:\/\/100opheto.org\/pap\/?s={search_term_string}"},"query-input":{"@type":"PropertyValueSpecification","valueRequired":true,"valueName":"search_term_string"}}],"inLanguage":"pap-PAP"}]}},"_links":{"self":[{"href":"https:\/\/100opheto.org\/pap\/wp-json\/wp\/v2\/pages\/1893","targetHints":{"allow":["GET"]}}],"collection":[{"href":"https:\/\/100opheto.org\/pap\/wp-json\/wp\/v2\/pages"}],"about":[{"href":"https:\/\/100opheto.org\/pap\/wp-json\/wp\/v2\/types\/page"}],"author":[{"embeddable":true,"href":"https:\/\/100opheto.org\/pap\/wp-json\/wp\/v2\/users\/1"}],"replies":[{"embeddable":true,"href":"https:\/\/100opheto.org\/pap\/wp-json\/wp\/v2\/comments?post=1893"}],"version-history":[{"count":2,"href":"https:\/\/100opheto.org\/pap\/wp-json\/wp\/v2\/pages\/1893\/revisions"}],"predecessor-version":[{"id":2417,"href":"https:\/\/100opheto.org\/pap\/wp-json\/wp\/v2\/pages\/1893\/revisions\/2417"}],"wp:featuredmedia":[{"embeddable":true,"href":"https:\/\/100opheto.org\/pap\/wp-json\/wp\/v2\/media\/1331"}],"wp:attachment":[{"href":"https:\/\/100opheto.org\/pap\/wp-json\/wp\/v2\/media?parent=1893"}],"curies":[{"name":"wp","href":"https:\/\/api.w.org\/{rel}","templated":true}]}}